ors of 386063?
157, 2459
What are the prime factors of 61674?
2, 3, 19, 541
List the prime factors of 1169213.
43, 27191
List the prime factors of 283193.
283193
List the prime factors of 1005125.
5, 11, 17, 43
What are the prime factors of 7229762?
2, 43, 84067
List the prime factors of 1077944.
2, 7, 19249
List the prime factors of 6516275.
5, 260651
List the prime factors of 899914.
2, 37, 12161
What are the prime factors of 4209695?
5, 7, 120277
What are the prime factors of 7861636?
2, 113, 17393
What are the prime factors of 2625261?
3, 37, 67, 353
List the prime factors of 27431.
27431
What are the prime factors of 466893?
3, 7, 7411
What are the prime factors of 3283107?
3, 733, 1493
What are the prime factors of 599068?
2, 149767
List the prime factors of 177258.
2, 3, 31, 953
List the prime factors of 923154.
2, 3, 53, 2903
What are the prime factors of 155280?
2, 3, 5, 647
What are the prime factors of 783917?
79, 9923
List the prime factors of 15574922.
2, 11, 707951
List the prime factors of 156237.
3, 19, 2741
What are the prime factors of 14233017?
3, 127, 37357
What are the prime factors of 2702480?
2, 5, 11, 37, 83
List the prime factors of 9125700.
2, 3, 5, 19, 1601
What are the prime factors of 26438096?
2, 53, 31177
What are the prime factors of 24099502?
2, 7, 229, 7517
What are the prime factors of 479324?
2, 119831
What are the prime factors of 12548917?
12548917
List the prime factors of 5830961.
47, 97, 1279
What are the prime factors of 111517?
7, 89, 179
What are the prime factors of 2469815?
5, 307, 1609
List the prime factors of 2006135.
5, 607, 661
List the prime factors of 253038.
2, 3, 181, 233
List the prime factors of 4021302.
2, 3, 670217
List the prime factors of 7186735.
5, 1437347
List the prime factors of 184616.
2, 47, 491
What are the prime factors of 237252?
2, 3, 17, 1163
List the prime factors of 266548.
2, 37, 1801
What are the prime factors of 17557576?
2, 2194697
List the prime factors of 3825282.
2, 3, 37, 17231
List the prime factors of 1652179.
17, 97187
List the prime factors of 289862.
2, 144931
What are the prime factors of 104330?
2, 5, 10433
List the prime factors of 9022366.
2, 109, 41387
What are the prime factors of 115094?
2, 7, 8221
What are the prime factors of 135523?
59, 2297
List the prime factors of 4412632.
2, 7, 78797
What are the prime factors of 3000281?
23, 130447
List the prime factors of 101070.
2, 3, 5, 1123
What are the prime factors of 218534?
2, 109267
What are the prime factors of 125010?
2, 3, 5, 463
List the prime factors of 23226109.
157, 147937
List the prime factors of 21671264.
2, 677227
What are the prime factors of 6648908?
2, 7, 33923
What are the prime factors of 12660175?
5, 11, 19, 2423
What are the prime factors of 1399106?
2, 239, 2927
What are the prime factors of 901652?
2, 431, 523
List the prime factors of 401085.
3, 5, 2971
List the prime factors of 191042.
2, 59, 1619
List the prime factors of 1056288.
2, 3, 11003
List the prime factors of 2869980.
2, 3, 5, 31, 1543
What are the prime factors of 735139?
735139
What are the prime factors of 137893?
7, 19699
What are the prime factors of 3018734?
2, 1509367
List the prime factors of 515431.
7, 67, 157
What are the prime factors of 19234646?
2, 683, 14081
What are the prime factors of 668032?
2, 17, 307
What are the prime factors of 548697?
3, 182899
What are the prime factors of 1606285?
5, 103, 3119
List the prime factors of 9344877.
3, 23, 135433
List the prime factors of 2630504.
2, 328813
What are the prime factors of 1528059?
3, 13, 39181
List the prime factors of 4862320.
2, 5, 60779
List the prime factors of 1035205.
5, 207041
List the prime factors of 289281.
3, 211, 457
What are the prime factors of 87987?
3, 139, 211
What are the prime factors of 210661?
11, 1741
List the prime factors of 5259927.
3, 1753309
What are the prime factors of 14500914?
2, 3, 19, 131, 971
What are the prime factors of 337218?
2, 3, 7, 31, 37
List the prime factors of 1872299.
11, 13, 13093
List the prime factors of 303925.
5, 12157
List the prime factors of 42148.
2, 41, 257
What are the prime factors of 164805?
3, 5, 10987
What are the prime factors of 438680?
2, 5, 11, 997
What are the prime factors of 1042414?
2, 167, 3121
List the prime factors of 10577960.
2, 5, 67, 3947
What are the prime factors of 2635155?
3, 5, 31, 1889
What are the prime factors of 1371450?
2, 3, 5, 41, 223
List the prime factors of 1399440.
2, 3, 5, 7, 17
What are the prime factors of 338631?
3, 112877
List the prime factors of 12992619.
3, 397, 10909
What are the prime factors of 795167?
37, 21491
What are the prime factors of 217290?
2, 3, 5, 7243
What are the prime factors of 39253?
17, 2309
What are the prime factors of 8075869?
47, 171827
List the prime factors of 661127.
157, 4211
List the prime factors of 6613186.
2, 3306593
What are the prime factors of 27317?
59, 463
List the prime factors of 948987.
3, 13, 8111
What are the prime factors of 12085946?
2, 17, 373, 953
What are the prime factors of 136622?
2, 68311
What are the prime factors of 3794372?
2, 948593
List the prime factors of 507045.
3, 5, 7, 11, 439
List the prime factors of 3374855.
5, 11, 43, 1427
List the prime factors of 1166620.
2, 5, 7, 13, 641
What are the prime factors of 1939914?
2, 3, 107773
What are the prime factors of 38857532?
2, 7, 47, 29527
List the prime factors of 110935.
5, 11, 2017
What are the prime factors of 1730788?
2, 167, 2591
List the prime factors of 22101708.
2, 3, 499, 3691
What are the prime factors of 7362186?
2, 3, 13, 37, 2551
What are the prime factors of 4523316?
2, 3, 7, 53849
What are the prime factors of 121392?
2, 3, 281
List the prime factors of 4216071.
3, 41, 151, 227
What are the prime factors of 742838?
2, 41, 9059
List the prime factors of 2262752.
2, 31, 2281
List the prime factors of 1688758.
2, 19, 2339
What are the prime factors of 1811905?
5, 362381
What are the prime factors of 142417?
11, 107
List the prime factors of 4657007.
4657007
List the prime factors of 1557924.
2, 3, 19, 6833
List the prime factors of 99243.
3, 11027
What are the prime factors of 79878?
2, 3, 13313
List the prime factors of 8215990.
2, 5, 29, 41, 691
List the prime factors of 1823061.
3, 557, 1091
What are the prime factors of 61125?
3, 5, 163
List the prime factors of 526912.
2, 8233
List the prime factors of 10813052.
2, 19, 73, 1949
What are the prime factors of 2432074?
2, 31, 39227
List the prime factors of 3354584.
2, 109, 3847
List the prime factors of 30049687.
30049687
What are the prime factors of 345921?
3, 67, 1721
List the prime factors of 2416050.
2, 3, 5, 7, 13, 59
List the prime factors of 52615.
5, 17, 619
List the prime factors of 293623.
11, 26693
List the prime factors of 5596800.
2, 3, 5, 11, 53
List the prime factors of 4994590.
2, 5, 499459
List the prime factors of 699262.
2, 127, 2753
List the prime factors of 8100995.
5, 7, 59, 3923
What are the prime factors of 317370?
2, 3, 5, 71, 149
List the prime factors of 4873087.
349, 13963
What are the prime factors of 198340?
2, 5, 47, 211
List the prime factors of 78391.
277, 283
List the prime factors of 142679.
61, 2339
List the prime factors of 880732.
2, 421, 523
List the prime factors of 1770316.
2, 442579
List the prime factors of 79315.
5, 29, 547
What are the prime factors of 5339268?
2, 3, 11, 97, 139
List the prime factors of 6186662.
2, 3093331
List the prime factors of 279953.
71, 3943
List the prime factors of 221830.
2, 5, 7, 3169
What are the prime factors of 861813?
3, 59, 541
List the prime factors of 2794970.
2, 5, 17, 41, 401
List the prime factors of 43948.
2, 10987
List the prime factors of 6147491.
7, 109, 1151
List the prime factors of 21804649.
569, 38321
List the prime factors of 10675844.
2, 71, 37591
List the prime factors of 9036905.
5, 233, 7757
List the prime factors of 124711.
311, 401
List the prime factors of 213546.
2, 3, 35591
What are the prime factors of 578027?
109, 5303
What are the prime factors of 2503588?
2, 101, 6197
List the prime factors of 1713293.
23, 163, 457
What are the prime factors of 1353049?
353, 3833
List the prime factors of 38027739.
3, 12675913
What are the prime factors of 5904900?
2, 3, 5
What are the pri